ided by (4/(-16)*15)/((-6)/80).
40
Suppose 5*m = 664 - 649. Let n = 6 + -3. Suppose -n*k + 50 = 2*k. Calculate the remainder when k is divided by m.
1
Let g be (-6 + 39 + -2)*1. Suppose 26*n - 525 + g = 0. What is the remainder when n is divided by 6?
1
What is the remainder when 4157 is divided by (-19 + 1 + (-35)/(-5))*-6?
65
Suppose 51 + 20 = 3*d - 2*z, d = z + 24. What is the remainder when 407 is divided by d?
16
Suppose 3*u + 3*s = -u + 4, -3*s = 2*u + 4. Let i be 2/(u - 14) - 14/5. Let n = i + 98. Calculate the remainder when n is divided by 24.
23
Let x = 7000 + -6149. Calculate the remainder when x is divided by 61.
58
Let r(n) = 2*n**2 + 12*n + 7. Let h be r(-14). Suppose -88*o - h = -95*o. Calculate the remainder when o is divided by 9.
6
Let z = -14 + 23. Let q = -38899 - -38934. What is the remainder when q is divided by z?
8
Let x(i) be the first derivative of -i**4/4 + 23*i**3/3 - 12*i**2 + 77*i - 106. What is the remainder when x(22) is divided by 16?
1
Let o(c) = c**2. Let r be o(3). Let w be (-3 - (-33)/r)/((-6)/(-27)). Suppose w*x - 4*x + 19 = 0. What is the remainder when 28 is divided by x?
9
Suppose 3*m = 9*m + 156. Let f(r) = -r**2 - 40*r - 227. Calculate the remainder when f(m) is divided by 36.
29
Suppose 5*p + 5 = -10, 3*p = -4*v - 9. Suppose 4*q - 33 - 151 = v. Calculate the remainder when q is divided by 6.
4
Let h(i) be the third derivative of -19*i**4/24 - 16*i**3/3 + 44*i**2. Suppose 4*q + q = 170. Calculate the remainder when h(-7) is divided by q.
33
Let s(y) = -5*y**3 + 3*y**2 - 4*y + 2. Let r be s(1). Calculate the remainder when -2 + 2176/28 + r/(-14) is divided by (-2)/(-14) - 720/(-56).
11
Let y(f) = -27*f + 2. Suppose -687*l - 25 = -682*l. Suppose -6*p = -p - 175. Calculate the remainder when y(l) is divided by p.
32
Suppose a - 2830 = -10*a - 465. What is the remainder when a is divided by 101?
13
What is the remainder when 231 is divided by -3 - (-240)/36*3?
10
Let v = -48 - -49. Let j(z) = 14*z - 9. Let t be j(v). Suppose -t*p - 85 = -10*p. What is the remainder when p is divided by 6?
5
Suppose 132 = 2*d - 0. Let r(p) = -7*p**2 + 76*p + 17. Let v be r(17). Let i = -452 - v. Calculate the remainder when i is divided by d.
64
Let z = 3505 - 2685. Calculate the remainder when z is divided by 102.
4
Suppose 36*y - 47*y + 649 = 0. Calculate the remainder when 216 is divided by y.
39
Let w = 2866 + -2755. What is the remainder when w is divided by 36?
3
Suppose -3*b + 4*s = -142, -4*s + 42 = -3*b + 4*b. What is the remainder when b is divided by 50*(-14)/56*2/(-1)?
21
Suppose 4*v - 34 - 234 = -4*w, -3*v = -4*w + 282. Calculate the remainder when 977 is divided by w.
11
Let i(p) = 19*p**3 - 1576*p**2 - 83*p + 18. What is the remainder when 18717 is divided by i(83)?
15
Suppose 5*h + 75 = -370. Let m = h - -101. Calculate the remainder when 35 is divided by m.
11
Suppose -4*w = -3*c + 43 + 108, -3*w + 242 = 5*c. Suppose -19*i = 13*i + 448. Calculate the remainder when 78/10*(11 - i) is divided by c.
48
Let u(z) = z**2 + 39*z - 161. Calculate the remainder when 4792 is divided by u(-43).
7
Let h(l) = 11*l**2 - 3*l + 2. Let y be h(-2). Let v = y - 45. Suppose 8*i = -i + 153. Calculate the remainder when i is divided by v.
3
Suppose -3*y + 6*y = -2*y. Let v be -5*((-3)/3 + y). Suppose 123 = 3*g - 3*w + 39, 0 = -v*w + 5. What is the remainder when 86 is divided by g?
28
Suppose 299*a + 97185 - 283916 = 390040. What is the remainder when a is divided by 241?
1
Suppose -2*f = 8 + 192. Let c = 129 + f. Calculate the remainder when c is divided by 8.
5
Let j = 27 - 97. Let k = 118 + j. Suppose -8*v + k = -2*v. What is the remainder when 22 is divided by v?
6
Suppose 0 = -3*x + 4*c + 4154, -144*c + 1383 = x - 145*c. Calculate the remainder when x is divided by 115.
113
Let l = 18565 - 18359. Let j(m) = -2*m**3 - 3*m - 1. Calculate the remainder when l is divided by j(-2).
17
Let d(t) = 196*t**3 + t**2 - t + 1. Suppose -2*r + 109 = -0*m + m, -3*r + 191 = -4*m. Suppose -3*w + r = -42. What is the remainder when d(1) is divided by w?
32
Suppose -3*c - 5*x + 2931 = 0, 411*c = 413*c - 5*x - 1904. Calculate the remainder when 1947 is divided by c.
13
Let b(m) = -m**3 - 5*m**2 - m - 31. What is the remainder when 4751 is divided by b(-6)?
10
Let m be 469 + (-1)/(-2)*(-16)/8. Suppose -12*w + m = w. Calculate the remainder when 138 is divided by w.
30
Let g = 21 + -14. Suppose 304 - 31 = g*v. Let u = 15 - 7. What is the remainder when v is divided by u?
7
Let x(t) = t**2 - 14*t + 28. Calculate the remainder when x(-12) is divided by 66.
10
Let m = 5080 - 5036. What is the remainder when 746 is divided by m?
42
Suppose 4*q = 4*n - 1460, -10*q + 379 = 4*n - 1081. What is the remainder when n is divided by 37?
32
Let y(s) = s**2 - 33*s + 40. Let o be y(16). Let r be (((-36)/8)/(-3))/(6/o). What is the remainder when 30 is divided by r/(-8) + (1 + -2)/4?
2
Suppose -4*n - 4*r - 2048 = 0, -4*n - 3*r = 2164 - 118. What is the remainder when -3 - (8 + -17 + n) is divided by 47?
46
Suppose -147 = -3*w + 3*n, -w + 5*n + 30 + 7 = 0. Let k = -11 + 11. Let o(p) = p + 18. What is the remainder when w is divided by o(k)?
16
Suppose 0 = -3*d + h + 10109, -177*d + 179*d - 6732 = -3*h. What is the remainder when d is divided by 14?
9
Calculate the remainder when 2320 is divided by (-7 - -4)/(-3)*(-2240)/(-80).
24
Let f = 28904 - 15032. Calculate the remainder when f is divided by 15.
12
Let m = 206 - 97. Suppose 63 - m = -y. What is the remainder when 365 is divided by y?
43
Suppose -437*o + 403*o + 918 = 0. Let i = -2 - -4. Suppose y = -2*f + 269, 5*y = i*f + 3*f - 665. What is the remainder when f is divided by o?
26
Let j(n) = -2*n**3 - 14*n**2 + 8. Let o be j(-7). Let i(r) = 3*r - 26. Let h be i(o). What is the remainder when 49 is divided by (245/10 - h) + 1/(-2)?
23
Let t = 83 - 10. Let z = t - 69. Suppose -5*b = -5*s - 65, b + s + 4*s = 19. Calculate the remainder when b is divided by z.
2
Suppose -304 = -22*z + 1412. What is the remainder when 83 is divided by z?
5
Let l(i) be the third derivative of 1/10*i**5 - 11/6*i**3 + 1/120*i**6 + 0*i + 0 - 19*i**2 + 0*i**4. What is the remainder when l(-4) is divided by 4?
1
Let t be 8 + 2 + -2 + -1. Suppose -3*g + 134 + t = 3*c, 2*c - 5*g = 73. Suppose 69 = 5*a + 4*y, a + 0*y = y + 12. What is the remainder when c is divided by a?
5
Let w = 4505 - 4383. Calculate the remainder when w is divided by 98.
24
Let t(s) = -32 + 22*s + 0 + 10 - 15. Let b be t(-17). Let p = -233 - b. Calculate the remainder when p is divided by 30.
28
Let n(r) = 6*r + 129. Suppose 12*s + 17*s + 493 = 0. Calculate the remainder when 323 is divided by n(s).
26
What is the remainder when ((-98)/21)/7*7/((-14)/1374) is divided by 77?
73
Suppose 0 = 2*m, 83 + 42 = 5*g + 4*m. Calculate the remainder when (-3)/(14/15 - 1) is divided by g.
20
Let j = -985 - -1347. Calculate the remainder when j is divided by 54.
38
Let x = 1693 - 1568. Let y = 9 + 20. Calculate the remainder when x is divided by y.
9
Let k = 319 + -152. Suppose 1052 - k = 5*y. What is the remainder when y is divided by 12?
9
Suppose v = 21*m - 17*m + 519, 513 = v - 3*m. Calculate the remainder when v is divided by 21.
12
Let t = 1601 + -962. What is the remainder when t is divided by (54 - 24)/(2 + 1/(-2))?
19
Calculate the remainder when 4235 + -9 + (-8)/16*-14 is divided by 326.
321
Suppose l + 71 = -2*m, -4*m + 7*l - 133 = 12*l. Calculate the remainder when 45 is divided by m/(-3) + (-2)/6.
9
Let z = 27 - 13. Let a = -4 - 373. Let n = a - -472. What is the remainder when n is divided by z?
11
Let f = -7 + 100. Let b(c) = 2*c**2 - c - 161. Let i be b(0). Let j = -129 - i. What is the remainder when f is divided by j?
29
Let l(v) = 601*v + 4824. What is the remainder when 6063 is divided by l(-8)?
15
Suppose 26*h + 19077 = 19337. Calculate the remainder when 437 is divided by h.
7
Suppose 3*d + 3 = -5*c + 2*c, 5*d + 4*c = -5. Suppose 2*y + 67 - 23 = 0. Let l = d - y. Calculate the remainder when 81 is divided by l.
18
Suppose -7*h + 13*d + 70181 = 16*d, 4*d = -20. Calculate the remainder when h is divided by 17.
15
Let s be (2 + 14/4)*(6 + -2). Let k(t) = -2*t + s*t + 0*t + t**2 + 19. Calculate the remainder when k(-20) is divided by 10.
9
Let f(s) = s**3 